 prime factors of 78702.
2, 3, 13, 1009
List the prime factors of 160277.
13, 12329
What are the prime factors of 1542?
2, 3, 257
What are the prime factors of 3197?
23, 139
List the prime factors of 65759.
19, 3461
What are the prime factors of 820?
2, 5, 41
What are the prime factors of 1234?
2, 617
What are the prime factors of 253?
11, 23
What are the prime factors of 856?
2, 107
What are the prime factors of 24330?
2, 3, 5, 811
What are the prime factors of 45445?
5, 61, 149
List the prime factors of 1053.
3, 13
List the prime factors of 3345.
3, 5, 223
List the prime factors of 1326.
2, 3, 13, 17
List the prime factors of 10007.
10007
What are the prime factors of 799?
17, 47
List the prime factors of 32405.
5, 6481
List the prime factors of 71836.
2, 17959
What are the prime factors of 18117?
3, 11, 61
What are the prime factors of 1286?
2, 643
What are the prime factors of 38001?
3, 53, 239
List the prime factors of 156883.
19, 23, 359
What are the prime factors of 39770?
2, 5, 41, 97
What are the prime factors of 4189?
59, 71
List the prime factors of 86998.
2, 43499
List the prime factors of 5009.
5009
What are the prime factors of 27768?
2, 3, 13, 89
What are the prime factors of 2386?
2, 1193
List the prime factors of 44199.
3, 1637
List the prime factors of 1199.
11, 109
List the prime factors of 36646.
2, 73, 251
List the prime factors of 3027.
3, 1009
List the prime factors of 1888.
2, 59
List the prime factors of 3742.
2, 1871
List the prime factors of 1436.
2, 359
List the prime factors of 1906.
2, 953
What are the prime factors of 5316?
2, 3, 443
List the prime factors of 17888.
2, 13, 43
What are the prime factors of 375?
3, 5
List the prime factors of 5178.
2, 3, 863
What are the prime factors of 69042?
2, 3, 37, 311
What are the prime factors of 1670?
2, 5, 167
List the prime factors of 21759.
3, 7253
List the prime factors of 17969.
7, 17, 151
List the prime factors of 2561.
13, 197
List the prime factors of 4089.
3, 29, 47
What are the prime factors of 1071?
3, 7, 17
List the prime factors of 69268.
2, 17317
List the prime factors of 60165.
3, 5, 7, 191
List the prime factors of 52060.
2, 5, 19, 137
What are the prime factors of 6796?
2, 1699
What are the prime factors of 44395?
5, 13, 683
What are the prime factors of 26571?
3, 17, 521
What are the prime factors of 1292?
2, 17, 19
What are the prime factors of 4801?
4801
List the prime factors of 814.
2, 11, 37
What are the prime factors of 2094?
2, 3, 349
List the prime factors of 1949.
1949
What are the prime factors of 775?
5, 31
What are the prime factors of 6091?
6091
What are the prime factors of 99399?
3, 17, 1949
What are the prime factors of 2344?
2, 293
List the prime factors of 8897.
7, 31, 41
What are the prime factors of 13177?
13177
What are the prime factors of 6143?
6143
What are the prime factors of 6191?
41, 151
List the prime factors of 3393.
3, 13, 29
List the prime factors of 1807.
13, 139
List the prime factors of 22071.
3, 7, 1051
List the prime factors of 1712.
2, 107
What are the prime factors of 466?
2, 233
List the prime factors of 3607.
3607
List the prime factors of 83966.
2, 41983
List the prime factors of 8569.
11, 19, 41
List the prime factors of 793.
13, 61
What are the prime factors of 3012?
2, 3, 251
List the prime factors of 14563.
14563
What are the prime factors of 15286?
2, 7643
List the prime factors of 1804.
2, 11, 41
What are the prime factors of 51828?
2, 3, 7, 617
What are the prime factors of 8930?
2, 5, 19, 47
What are the prime factors of 11450?
2, 5, 229
What are the prime factors of 774?
2, 3, 43
What are the prime factors of 21192?
2, 3, 883
List the prime factors of 1202.
2, 601
List the prime factors of 237.
3, 79
What are the prime factors of 1390?
2, 5, 139
List the prime factors of 46235.
5, 7, 1321
List the prime factors of 1260.
2, 3, 5, 7
List the prime factors of 1048.
2, 131
What are the prime factors of 2016?
2, 3, 7
List the prime factors of 851.
23, 37
List the prime factors of 1921.
17, 113
List the prime factors of 32402.
2, 17, 953
What are the prime factors of 1242?
2, 3, 23
What are the prime factors of 412?
2, 103
List the prime factors of 2364.
2, 3, 197
What are the prime factors of 20833?
83, 251
What are the prime factors of 6466?
2, 53, 61
List the prime factors of 114965.
5, 22993
What are the prime factors of 515?
5, 103
What are the prime factors of 60775?
5, 11, 13, 17
What are the prime factors of 8026?
2, 4013
What are the prime factors of 3007?
31, 97
What are the prime factors of 7404?
2, 3, 617
What are the prime factors of 28991?
53, 547
List the prime factors of 3964.
2, 991
List the prime factors of 705.
3, 5, 47
What are the prime factors of 33537?
3, 7, 1597
List the prime factors of 32761.
181
What are the prime factors of 33121?
11, 3011
What are the prime factors of 2029?
2029
What are the prime factors of 907?
907
List the prime factors of 5034.
2, 3, 839
List the prime factors of 18372.
2, 3, 1531
List the prime factors of 86932.
2, 103, 211
List the prime factors of 175735.
5, 7, 5021
List the prime factors of 1718.
2, 859
List the prime factors of 32040.
2, 3, 5, 89
What are the prime factors of 796?
2, 199
List the prime factors of 173551.
7, 24793
What are the prime factors of 24636?
2, 3, 2053
List the prime factors of 3307.
3307
What are the prime factors of 10499?
10499
List the prime factors of 34685.
5, 7, 991
List the prime factors of 51707.
29, 1783
List the prime factors of 4609.
11, 419
List the prime factors of 13550.
2, 5, 271
What are the prime factors of 114295?
5, 22859
What are the prime factors of 21153?
3, 11, 641
List the prime factors of 1455.
3, 5, 97
What are the prime factors of 57?
3, 19
What are the prime factors of 490?
2, 5, 7
What are the prime factors of 18753?
3, 7, 19, 47
List the prime factors of 45626.
2, 7, 3259
What are the prime factors of 10966?
2, 5483
What are the prime factors of 31986?
2, 3, 1777
What are the prime factors of 2787?
3, 929
List the prime factors of 20761.
13, 1597
List the prime factors of 6106.
2, 43, 71
List the prime factors of 1811.
1811
List the prime factors of 49460.
2, 5, 2473
What are the prime factors of 4391?
4391
What are the prime factors of 1680?
2, 3, 5, 7
What are the prime factors of 30089?
30089
What are the prime factors of 3018?
2, 3, 503
List the prime factors of 3412.
2, 853
What are the prime factors of 475?
5, 19
List the prime factors of 16510.
2, 5, 13, 127
List the prime factors of 166695.
3, 5, 11113
List the prime factors of 97485.
3, 5, 67, 97
What are the prime factors of 66777?
3, 22259
What are the prime factors of 1165?
5, 233
What are the prime factors of 1666?
2, 7, 17
What are the prime factors of 13044?
2, 3, 1087
What are the prime factors of 4932?
2, 3, 137
What are the prime factors of 28544?
2, 223
List the prime factors of 1495.
5, 13, 23
What are the prime factors of 167960?
2, 5, 13, 17, 19
What are the prime factors of 1357?
23, 59
What are the prime factors of 6382?
2, 3191
List the prime factors of 44520.
2, 3, 5, 7, 53
What are the prime factors of 777?
3, 7, 37
What are the prime factors of 1942?
2, 971
List the prime factors of 129.
3, 43
What are the prime factors of 3467?
3467
What are the prime factors of 972?
2, 3
What are the prime factors of 5089?
7, 727
What are the prime factors of 1772?
2, 443
List the prime factors of 635.
5, 127
What are the prime factors of 11140?
2, 5, 557
What are the prime factors of 21256?
2, 2657
What are the prime factors of 1845?
3, 5, 41
List the prime factors of 42699.
3, 43, 331
List the prime factors of 1053.
3, 13
What are the prime factors of 108520?
2, 5, 2713
What are the prime factors of 360?
2, 3, 5
What are the prime factors of 32617?
13, 193
List the prime factors of 3610.
2, 5, 19
List the prime factors of 347.
347
List the prime factors of 1666.
2, 7, 17
List the prime factors of 255.
3, 5, 17
What are the prime factors of 723?
3, 241
List the prime factors of 881.
881
What are the prime factors of 568?
2, 71
List the prime factors of 2288.
2, 11, 13
List the prime factors of 824.
2, 103
List the prime factors of 17796.
2, 3, 1483
List the prime factors of 46634.
2, 7, 3331
What are the prime factors of 1650?
2, 3, 